nd j.
12
Suppose 3 = 3*g - g - 5*z, -5*z + 13 = 2*g. Suppose -20 = -6*d + g*d. Suppose 4 + 16 = k. What is the highest common factor of k and d?
10
Let x(m) = m**3 + 17*m**2 + 3*m + 21. Let c be x(-17). Let n = 32 + c. Suppose -n*b = -0*b - 252. What is the greatest common factor of b and 14?
14
Let t(d) = d - 6*d + 0*d - 21 + 7. Let b be t(-4). Suppose 2*u - b = 2. Calculate the highest common factor of 2 and u.
2
Let r = -104 + 104. Suppose 2*f + f - 36 = r. Calculate the greatest common divisor of f and 12.
12
Let j be 11 - (0/2 - -2). Let l = 41893 + -41668. Calculate the highest common divisor of j and l.
9
Let u be ((-4)/(-3))/(12/(-378)). Let n = 45 + u. Suppose -2*f + 18 = -2*b + 4, 0 = -n*f - 3*b + 15. What is the highest common divisor of f and 30?
6
Let o(x) = -5738*x**3 + 2*x**2 + x - 1. Let w be o(-1). Calculate the greatest common divisor of w and 38.
38
Let g(v) = 2*v. Let b(q) = -31*q - 14. Let r(a) = 5*b(a) + 30*g(a). Let n be r(-2). Calculate the greatest common divisor of 72 and n.
24
Suppose t = 2*l, 5*t + 12 = -0*t + 4*l. Let w = t - -21. Calculate the greatest common divisor of 34 and w.
17
Let g = -5988 - -7698. What is the greatest common divisor of g and 360?
90
Let a(j) = j**2 - 47*j + 366. Let h be a(40). What is the greatest common divisor of h and 32?
2
Suppose 4*v = -2*t - 4, -10*t = -5*t - v - 12. Suppose -s + 17 = p, 2*s - 25 - 21 = t*p. What is the greatest common divisor of s and 230?
10
Let q = 6053 - 5075. What is the highest common factor of q and 9?
3
Let z be 16*(-2 + 1) - 0. Let h = 16 + z. Suppose g - 20 = -h*g. What is the greatest common factor of g and 20?
20
Suppose 18990 = -76*u + 19370. Let y be ((-4)/2)/((-4)/70). Calculate the highest common divisor of u and y.
5
Suppose -1718 = -33*g + 394. Suppose d = -y - 4, -y - 3*d - d - 19 = 0. Let n be 1278/54 - y/(-3). What is the highest common factor of n and g?
8
Suppose 3*g = 21, 2*v - 13 = 869*g - 866*g. Calculate the highest common divisor of v and 2941.
17
Let i = -114 - -116. Suppose -3 = 3*r, i*r + 0*r = -m + 22. What is the highest common divisor of 408 and m?
24
Let c = 8464 - 3283. What is the greatest common divisor of 33 and c?
33
Let c be -9*7/(7/(-1)). Suppose -5*m + 1 + c = 0. What is the highest common factor of m and 82?
2
Let p be (-60)/((-3)/225*5). Suppose -207 = 7*x - p. Calculate the greatest common factor of x and 264.
33
Let t = -25023 - -25243. What is the highest common divisor of 9295 and t?
55
Let p be (-2 - 58)*(75/(-20))/5. Suppose -p = -6*l + 45. Let c = 17 - l. What is the greatest common factor of c and 2?
2
Let g(i) = 24*i - 792. Let c be g(35). Calculate the greatest common factor of 9240 and c.
24
Suppose -25*v + 22 = -14*v. Suppose 787 = -5*r + b, 2*b = 2 + v. Let p = -125 - r. What is the highest common divisor of 8 and p?
8
Suppose 7*j - 192 = 10*j - 19*j. Calculate the greatest common factor of j and 579.
3
Let v(f) = f**3 - 6*f**2 - 2*f - 30. Let s be v(7). Let r = -10 - -20. Calculate the highest common divisor of s and r.
5
Let q = 2863 - 2813. What is the greatest common divisor of q and 810?
10
Let k(x) = x**3 + 19*x**2 - 6*x - 14. Let l be k(-14). Suppose -l + 205 = -5*i. Let w = -133 + i. Calculate the greatest common divisor of w and 288.
36
Let j = 509 + -419. Let f = j + -81. Calculate the greatest common divisor of 441 and f.
9
Let f = 7117 + -7096. Suppose -20 = -5*g, 2*g - g = -t + 39. What is the greatest common divisor of f and t?
7
Suppose -3*a = -337*w + 338*w - 113, 105 = 3*a + 3*w. What is the highest common factor of 8918 and a?
13
Let b be (6 - 1) + 4 + -3. Suppose 3*a = -b*a + 1260. Calculate the greatest common factor of 56 and a.
28
Let k = 1864 + -1794. Calculate the highest common factor of k and 2380.
70
Suppose -807*g + 779*g + 3248 = 0. Calculate the highest common divisor of g and 986.
58
Let b(v) = 15*v - 15. Let y be b(1). Suppose y = 233*k - 227*k - 1632. What is the greatest common divisor of k and 34?
34
Let b(m) = -2*m - 48. Let z be b(-21). Let p be 6 + z - (-46 - 1). Let k be (-3 + (1 - 92))/(-1). What is the highest common divisor of k and p?
47
Suppose 5*n + 5 = -175. Let p = n + 50. What is the highest common divisor of p and 14?
14
Suppose -446618 = -82*w + 16626 + 573072. What is the highest common divisor of 142 and w?
142
Let h(x) = -x**3 - 6*x**2 - 3*x + 17. Let d be h(-5). Suppose d*q = 12*q - 80. What is the highest common divisor of 88 and q?
8
Suppose -c + 21 + 22 = 0. Let o = c + -38. Let h be (-4)/(-16) + (-358)/(-8). What is the highest common factor of o and h?
5
Suppose 2*o - 5*x - 1163 = 0, 5*o = 6*x - 8*x + 2835. Let z = 608 - o. What is the highest common factor of z and 9?
3
Let l be (-4 - (-3 + 3))/(6/(-45)). Suppose 10*w - l = 5*w. Let x(a) = -a**2 - 11*a + 24. Let i be x(-12). Calculate the greatest common factor of i and w.
6
Suppose -5*h + 34 = -3*t, 3*h - 14 = -h - 2*t. Suppose 0 = -4*b + 4, h*p = -3*b - 9 + 292. Let k = 10 + 4. What is the greatest common factor of k and p?
14
Suppose -85*c = -87*c + 600. Let j be (((-6)/5)/(-1))/(45/c). Calculate the greatest common divisor of j and 12.
4
Suppose 2*z = 5*z - 3*t + 27, 2*z + 3*t + 33 = 0. Let c = 17 + z. Let o = -8499 + 8519. Calculate the highest common factor of o and c.
5
Let h = 27 - 66. Let z be 130/3*h/(-65). What is the highest common divisor of 481 and z?
13
Let z(k) = k**3 - 9*k**2 - 4*k + 14. Let f be z(9). Let j = f + 27. Let o(i) = i**2 + i + 3. Let v be o(6). What is the highest common factor of j and v?
5
Let u(j) = -17*j - 34. Let n be u(-21). Let a = -304 + n. What is the greatest common factor of a and 76?
19
Let m = -762 + 1994. Calculate the highest common divisor of 77 and m.
77
Let o be 52/(-78)*(-4 + -458). Calculate the highest common factor of 476 and o.
28
Let a = 7766 - 7606. What is the highest common divisor of 1264 and a?
16
Let p(s) = 2*s**2 - 2*s - 7. Suppose -6*o + 9*o - 18 = 0. Let m be p(o). Let h = 123 - m. What is the highest common factor of 28 and h?
14
Let u = 28421 + -28411. What is the highest common factor of u and 202?
2
Let m = -19402 - -19543. What is the highest common factor of m and 65283?
141
Suppose b + 5*g - 165 = 0, -690 = -4*b - 7*g + 2*g. Suppose -45*k = -44*k - b. Let n = k - 45. Calculate the greatest common divisor of n and 10.
10
Let d(j) = -1 + 6 + 143*j**2 + 498*j**2 + 5 + 11*j. Let l be d(-1). What is the greatest common divisor of l and 80?
80
Let o(u) = -u + 1. Let v = 17 + 11. Let k(n) = -4*n + 6. Let i(m) = v*o(m) - 4*k(m). Let t be i(-3). Calculate the greatest common factor of t and 16.
8
Suppose 0 = 4*z + 21 - 145. What is the greatest common factor of z and 5735?
31
Suppose -683 = -4*d - 3*g, -42*d = -44*d + 2*g + 338. Let v(j) = 3*j**2 + 5*j. Let t be v(4). Calculate the highest common factor of d and t.
34
Let t = 27 - 13. Suppose -281*w = -288*w + 3892. Let o = 570 - w. What is the greatest common factor of o and t?
14
Let x(q) = q**3 - 131*q**2 + 131*q - 49. Let u be x(130). Calculate the greatest common factor of u and 1566.
27
Let o = 456 + -249. What is the highest common divisor of 92 and o?
23
Suppose 2*f - 16 - 12 = 0. Let a(t) = -10*t**3 - 4*t**2 - 2*t - 6. Let m be a(-3). Let o = 248 - m. What is the greatest common factor of o and f?
14
Let z be ((-4)/6)/(38/1425). Let g(b) = 5*b**2 + 120*b - 53. Let h be g(z). What is the highest common divisor of h and 32?
8
Let z = -1862 + 1325. Let h = 569 + z. What is the highest common divisor of 160 and h?
32
Suppose -m - 5*b - 132 + 294 = 0, 5*m = 2*b + 945. What is the highest common divisor of m and 143?
11
Let q = -11498 - -12280. Calculate the highest common factor of 92 and q.
46
Let n(z) = z**3 - 28*z**2 + 5*z + 123. Let u be n(28). Let a = 666 - u. What is the greatest common factor of 62 and a?
31
Suppose 0 = -9*t + 94 + 86. Suppose -5*f = -2*k - 3573, 23*f = t*f + 3*k + 2142. Calculate the highest common divisor of 55 and f.
55
Suppose 2*t = 3*u - 2*u - 1346, 5*u = 4*t + 6742. Suppose -7*c + 190 = -u. Calculate the highest common factor of 44 and c.
44
Let f = -2948 + 2984. What is the greatest common factor of 2898 and f?
18
Suppose 3*a + 14 = -15*m + 17*m, 10 = 5*a. Suppose 2467 = 2*p + 3*z, 11*z = 5*p + m*z - 6210. What is the highest common divisor of p and 1